s(o) = o**2 - 10*o - 46. Let j be -130*(890/(-100)*-1 - 9). Give s(j).
-7
Let p(h) = 17*h + 6. Let z(q) = -9*q - 3. Let r be ((-1 - -2)*5)/1. Let j(n) = r*z(n) + 3*p(n). Determine j(-3).
-15
Suppose -5*d = w - 0 + 1, -w - 3*d = 7. Let g be w/(-48) + ((-159)/(-9) - 2). Let o(f) = -f**2 + 15*f + 15. Give o(g).
-1
Let x be 11 + (-5 - 5) - (4 + (-2 - 1)). Let n(p) = 18*p - 2. Give n(x).
-2
Let o(c) be the third derivative of c**5/30 + 11*c**4/24 - 5*c**3/3 + 1253*c**2. What is o(-6)?
-4
Suppose -6*c + c - 625 = -5*s, 130 = s + 4*c. Let m(v) = 120*v - s*v - 2 - v**2 + 21. Give m(-8).
3
Let k(i) = 6. Let y(z) = z - 20. Let o(c) = 9*k(c) + 4*y(c). Calculate o(13).
26
Let n be ((-5)/(-3))/(1/(-3)). Let p(z) = -8*z**2 + z - 2. Let l(o) = -16*o**2 - 2196 + 2*o - 2187 + 4378. Let g(i) = n*p(i) + 2*l(i). What is g(1)?
7
Let m(p) be the third derivative of -p**6/120 - p**5/12 - 5*p**4/24 + p**3/2 + 2*p**2 - 1483*p. Let q = 12 - 8. Suppose q*l + 1 + 15 = 0. Calculate m(l).
7
Let a(w) be the second derivative of -5*w**3/6 - 7*w. Let b(n) = -n**2 - 6*n - 11. Let u be b(-5). Let v be (6/(-15))/((3 + u)/(-15)). Determine a(v).
10
Let h(p) be the third derivative of p**6/120 + p**5/6 - p**4/2 - p**3/6 - 5*p**2 - 2*p - 9. Let k = 9 - 20. Determine h(k).
10
Let p(h) = -h**3 - 1. Let q(z) = 5*z**3 - 9*z**2 + 9*z + 13. Let o(r) = -4*p(r) - q(r). Suppose -3*k + 20 = 5*b - 33, -9*k + 47 = -b. Give o(b).
26
Let d(s) = -s**3 - 17*s**2 + 2*s - 12. Let h(u) = u**3 + 2*u**2 + 2*u - 1. Let k(a) = d(a) + 3*h(a). Let c be k(5). Let r(t) = t**2 + t + 30. Give r(c).
30
Let n(b) = -b + 1. Suppose 10*g = -418 + 478. Calculate n(g).
-5
Let c(u) be the third derivative of -u**4/24 - u**3/3 + 1957*u**2. Let o(f) be the third derivative of -f**4/24 - f**3/6 + 3*f**2. Let w be o(-4). Give c(w).
-5
Let w(g) = -2*g**2 - 1 - 1 - g - g**3 - 5. Let x(m) = -349*m - 7332. Let i be x(-21). Determine w(i).
5
Let a = 2 + -6. Suppose 76 = 12*g + 136. Let u(v) = 2*v**2 - v - 1. Let r(f) = -11*f**2 + 1. Let d(n) = g*u(n) - r(n). Give d(a).
0
Let h be (17 + (-252)/14)/((-1)/(-7)). Let p(q) = q**2 + 6*q + 1. What is p(h)?
8
Let t be (-8)/(16/10 - 2)*3/5. Let y(m) = 2*m**3 - 27*m**2 + 37*m - 20. Calculate y(t).
-8
Suppose 1 = -t - 5. Let c = t + 10. Let d(l) = 4 - 3 + 3*l + 0. Determine d(c).
13
Let f = 13 + -6. Let x = -189 + 327. Let o(j) = 143 - j - 283 + x. What is o(f)?
-9
Let a(k) be the first derivative of 1/60*k**5 - 5*k**2 + 2/3*k**3 + 1/8*k**4 + 23 + 0*k. Let y(t) be the second derivative of a(t). Give y(-3).
4
Let l(x) be the first derivative of x**3/3 - 5*x**2/2 + 2*x + 8. Let p be 27/((-3)/(-24)*12). Let y = 22 - p. Calculate l(y).
-2
Let m(a) = 9*a**3 + 19*a + 181754319 + 16*a**2 - 181754359 - 161*a**2. Calculate m(16).
8
Let o be (((-56)/(-8))/(-7))/((-115)/30 + 4). Let h(g) = -g**3 - 5*g**2 - 2*g - 3. Give h(o).
45
Let b(d) be the first derivative of 0*d + 17 - 15/2*d**2 - 1/60*d**5 + 1/2*d**3 - 1/12*d**4. Let a(m) be the second derivative of b(m). Calculate a(-3).
0
Let h(n) = n**3 + 12*n**2 + 16*n + 34. Let w be -17 - (-6 + 0)*(-14 - -6)/(-8). Give h(w).
-21
Let i be (-21)/(((-9)/(-2))/(-3)). Let t be 80/(-160)*4/3*-6. Suppose -t = 2*u - 0*u - 4*w, -2*u = w + i. Let n(f) = -f + 4. Determine n(u).
10
Let k(u) = 139 + 4*u + 6*u + u**2 - 130. Let a be k(-8). Let y(n) = -n**3 - 7*n**2 - 1. Give y(a).
-1
Let t(l) = -4*l + 1. Let n be t(1). Let b(y) = -2*y**2 - 9*y - 3. Let g(w) = -2*w**2 - 8*w - 3. Suppose 12 + 6 = 6*s. Let z(m) = s*b(m) - 4*g(m). Give z(n).
6
Let s(l) = l - 4. Suppose 5*n - 10 - 10 = 0. Suppose 13 = y + n. Suppose -y + 3 = 2*i. What is s(i)?
-7
Let n be (3*-8)/(((-56)/24)/7). Let s = 72 - n. Let b be (s + (-5 - -7))*1. Let x(y) = y - 1. Determine x(b).
1
Let i(b) = -5*b**2. Let m(q) = q**3 + 3*q**2 - 1. Let k = -41 + 39. Let g be m(k). Suppose 3*l = -3*f, 0*l + g*l + 4*f - 1 = 0. What is i(l)?
-5
Let v(m) = -36*m**2 + 28*m - 12. Let o(n) = -32*n**2 + 24*n - 11. Let z(l) = 8*o(l) - 7*v(l). Give z(-1).
-4
Let a(c) = 10*c - 5*c + 607190 - 1214385 + 607177. Let x = 9 + -5. Give a(x).
2
Let b(x) = -38*x**3 - 6*x**2 - 20*x - 8. Let c(n) = 22*n**3 + 3*n**2 + 11*n + 4. Let f(r) = 4*b(r) + 7*c(r). Give f(3).
14
Let y(k) = -k**2 + 9*k - 5. Let w = 96 + -95. Let p(t) be the second derivative of t**3/6 + t**2/2 - 12*t. Let m(g) = w*p(g) - y(g). Give m(7).
-1
Let f(y) = y**2 + y + 16. Suppose 5*z - 5 = -m, 20 = 7*m - 3*m + 5*z. Suppose -r = -3*n, -r = -2*r - m*n. What is f(r)?
16
Suppose 493 = -27*f + 14*f + 727. Let l(j) = -2*j**2 + 40*j - 38. Give l(f).
34
Let h(s) = -2*s + 2. Let c(q) = -3*q**3 - 2*q**2 - 3*q + 4. Let w(f) = -4*f**3 - 3*f**2 - 4*f + 4. Let v(k) = 5*c(k) - 4*w(k). Let m be v(-2). Calculate h(m).
-2
Let a(i) be the first derivative of -1/2*i**2 + i - 1/3*i**3 + 37. What is a(-2)?
-1
Let c(s) be the third derivative of 0*s + 1 - 13*s**2 + 3/8*s**4 + 0*s**3. Calculate c(-1).
-9
Let w(o) = -o**2 - 12*o - 17. Suppose 5*s - 4*x = -75, -10 = s - 5*x + 5. Calculate w(s).
-62
Let t(m) = -29 + 30 + 35*m - 11*m + 15*m + 3*m. Give t(-1).
-41
Let a(o) = -o**2 + o + 7. Let h(d) = -5*d - 28. Let y be h(-12). Suppose -3*c - 2*j + y = 0, 0*j = -4*c + 3*j + 20. Let k be c/(-4) + 4 + 0 - 2. Calculate a(k).
7
Suppose 4*x + 4*p - 12 = 0, 0 = -x + 2*x - 2*p - 9. Let l = -46 + 47. Let u be (6 + -7)/(l/x). Let i(n) = -n**2 - 4*n. What is i(u)?
-5
Let q(d) = d**3 - d**2 + 14. Let j = 32187 + -32187. What is q(j)?
14
Let x = -32 + 39. Suppose 5*i - x = 18. Let s(g) = g - 3. Let h be s(i). Let j(o) = 2*o**2 - 2*o - 2. Give j(h).
2
Let p(u) = -u**3 - 2*u**2 - u - 5. Let a be p(-3). Let w be (-1 + 14)*(a + -6). Suppose -5*v - q = -7, v + 3*q + w = -2*q. Let s(k) = 8*k - 3. What is s(v)?
13
Let m(t) = -t**3 + 3*t**2 - 8*t + 7. Let u = 1843 - 1838. Calculate m(u).
-83
Let c(v) be the first derivative of v**3/3 + v**2/2 - 7*v - 8581. Suppose d + 16 = 5*k, -d + 2*k = -2*k + 14. Give c(d).
23
Let f(a) = a**3 - 5*a**2 - 4*a. Let k(q) = 5*q**2 - 8*q. Let z be k(2). Let g(h) = -20 - 19 + 45 - z*h. Let s be g(0). What is f(s)?
12
Suppose -8 = 76*n - 78*n. Suppose -n*d - v - 5 = d, 0 = -3*d + 5*v - 3. Let k(t) = 11*t + 1. Determine k(d).
-10
Let n be (9 - (-782)/(-85)) + (-462)/15. Let k(q) = -q**3 - 31*q**2 + 3*q + 89. Calculate k(n).
-4
Let m(q) = q**2 - q + 2. Suppose -6*z = 5*s - z - 380, -2*s + 4*z + 182 = 0. Let h = -81 + s. Determine m(h).
2
Let t(b) be the second derivative of 1/6*b**4 + 0 + 19*b + 1/6*b**3 + 0*b**2. Give t(-1).
1
Let u(k) = -105*k + 36. Let d(v) = 80*v - 35. Let t(h) = -4*d(h) - 3*u(h). Calculate t(6).
2
Suppose 3 = -7*k + 52. Suppose -4*z + k = b, -62*b = 4*z - 58*b - 16. Let f(c) = 32*c. Determine f(z).
32
Suppose 352 - 338 = 7*a. Let r(x) = -x**3 + 462 - 2*x**2 + a*x - 923 + 464. Suppose -3*h = 2*h + 15. Give r(h).
6
Let k(x) = -7*x + 6. Let d be -6 + (-18)/(-7)*(-224)/(-64). Let f be (1 + (-6)/d)/((-44)/88). What is k(f)?
-8
Let u(s) = 3*s - 3. Let l be (28/(-35))/((-2)/10). Suppose -2*b = 3*m + 9, 0 = -l*b + 3*m - 2*m + 17. What is u(b)?
6
Let k(g) be the first derivative of g**2/2 + 4*g + 139. Suppose 0 = 5*w - 5*l - 52 - 58, w - 10 = -5*l. Suppose 0 = -d + w - 15. Calculate k(d).
9
Let t(d) = 247*d - 9*d**2 + 250*d + 2 - 502*d. Let u(h) = -36*h**2 - 24*h + 8. Let j(o) = -9*t(o) + 2*u(o). Calculate j(-1).
10
Let a(j) = -j**2 + 8*j - 1. Suppose 2*c = 15 - 45. Let n be 15*(-1 - 81/c - 4). Give a(n).
11
Let h(v) = v**2 + v - 27. Let f be h(-6). Suppose -2*o = -q - o + 11, f*q + 4*o + 2 = 0. Let n(k) = 0 - 4 - 7*k + q*k - 1. Determine n(6).
-11
Let j(r) = 3*r**3 + 4*r**2 + 2*r. Let w be (8/32*-8)/((-1)/84). Let l = -170 + w. Calculate j(l).
-12
Let o(b) be the second derivative of -b + 0 + b**2 + 1/6*b**3. Let u be 43 + (-666)/15 + (-8)/5. Determine o(u).
-1
Let g(h) = -h + 8. Let j(n) = 1. Let r be 2/(22/(-121) - 40/22). Let f(a) = -a**3 - 9*a**2 - 10. Let t(x) = r*f(x) - 4*j(x). Let d be t(-9). Give g(d).
2
Let l(d) = -d**3 + 13*d**2 - 246*d + 2464. Let a be l(11). Let g(q) = -q**3 + 0*q + 0*q**3 + q + 19. Determine g(a).
19
Let g be (-5 - -2)*(-19 + 7 + 14). Let w(m) = -10*m + 4. Calculate w(g).
64
Let h be (-2*(-48)/(-8))/(-1 + 0). Suppose 0 = 4*v - 2*o + 26, 4*v + 11 = -13*o + h*o. Let u(m) = m**3 + 4*m**2 + 2*m - 4. What is u(v)?
-12
Suppose -19*z + 420 = 2*z. Let